{"id":562,"date":"2021-09-20T13:43:56","date_gmt":"2021-09-20T16:43:56","guid":{"rendered":"https:\/\/araps.com.br\/?page_id=562"},"modified":"2021-10-15T12:49:14","modified_gmt":"2021-10-15T15:49:14","slug":"a-historia","status":"publish","type":"page","link":"https:\/\/araps.com.br\/index.php\/a-historia\/","title":{"rendered":"A hist\u00f3ria"},"content":{"rendered":"\n<p>A ARAPS \u2013 Associa\u00e7\u00e3o Regional dos Aposentados e Pensionistas pela Previd\u00eancia Social, \u00e9 uma entidade sem fins lucrativos, fundada em 1983 por um grupo de aposentados a finalidade de mover a\u00e7\u00e3o contra o INSS, visando a revis\u00e3o das suas aposentadorias e pens\u00f5es.<\/p>\n\n\n\n<p>A Associa\u00e7\u00e3o foi fundada em 1.983 pelo Sr. Antonio In\u00e1cio e sua esposa, que foram os s\u00f3cios n\u00fameros 01 e 02, respectivamente, aos quais&nbsp; juntaram-se os rio-clarenses Sr. Domingos Banchi, s\u00f3cio n\u00ba 03, recentemente falecido e Antonio Carlos Gomes da Silva \u2013 s\u00f3cio n\u00ba 04, at\u00e9 hoje integrantes do quadro de s\u00f3cios da ARAPS.<\/p>\n\n\n\n<p>Em 1991 a Associa\u00e7\u00e3o participou da mobiliza\u00e7\u00e3o nacional pelo pagamento do \u00edndice de 147%. Devido a press\u00e3o das Associa\u00e7\u00f5es de Aposentados, o governo estendeu a sua concess\u00e3o a todos os aposentados (n\u00e3o apenas \u00e0queles que entraram na Justi\u00e7a).<\/p>\n\n\n\n<p>Em 2001 foi desenvolvido intenso trabalho para coletar assinaturas (conseguimos colher na cidade cerca de 2.500 assinaturas) para somar aos 1.100.000 assinaturas necess\u00e1rias para dar entrada no Projeto de Lei de Iniciativa Popular, que recebeu o n\u00famero 311\/2002. Esse projeto deu inicio ao PL 4434\/08.<\/p>\n\n\n\n<p>A luta para a aprova\u00e7\u00e3o desse projeto \u00e9 desenvolvida, conjuntamente com as demais associa\u00e7\u00f5es de outras cidades, coordenadas pela FAPESP &#8211; Federa\u00e7\u00e3o dos Aposentados de S\u00e3o Paulo.<\/p>\n\n\n\n<p>Hoje, a ARAPS conta com 1424 s\u00f3cios, com uma mensalidade de R$ 16,00.<\/p>\n\n\n\n<p>Sentindo a necessidade de manter os aposentados e pensionistas reunidos para defender sempre os seus interesses, a ARAPS tem ampliado os servi\u00e7os aos seus s\u00f3cios, como segue abaixo:<\/p>\n\n\n\n<p>A ARAPS funciona das 13:00 \u00e0s 17:00 horas<\/p>\n","protected":false},"excerpt":{"rendered":"<p>A ARAPS \u2013 Associa\u00e7\u00e3o Regional dos Aposentados e Pensionistas pela Previd\u00eancia Social, \u00e9 uma entidade sem fins lucrativos, fundada em 1983 por um grupo de aposentados a finalidade de mover a\u00e7\u00e3o contra o INSS, visando a revis\u00e3o das suas aposentadorias e pens\u00f5es.<\/p>\n","protected":false},"author":1,"featured_media":563,"parent":0,"menu_order":0,"comment_status":"open","ping_status":"closed","template":"","meta":{"colormag_page_container_layout":"default_layout","colormag_page_sidebar_layout":"default_layout","_exactmetrics_skip_tracking":false,"_exactmetrics_sitenote_active":false,"_exactmetrics_sitenote_note":"","_exactmetrics_sitenote_category":0,"footnotes":""},"class_list":["post-562","page","type-page","status-publish","has-post-thumbnail","hentry"],"jetpack-related-posts":[],"jetpack_sharing_enabled":true,"jetpack_likes_enabled":true,"_links":{"self":[{"href":"https:\/\/araps.com.br\/index.php\/wp-json\/wp\/v2\/pages\/562","targetHints":{"allow":["GET"]}}],"collection":[{"href":"https:\/\/araps.com.br\/index.php\/wp-json\/wp\/v2\/pages"}],"about":[{"href":"https:\/\/araps.com.br\/index.php\/wp-json\/wp\/v2\/types\/page"}],"author":[{"embeddable":true,"href":"https:\/\/araps.com.br\/index.php\/wp-json\/wp\/v2\/users\/1"}],"replies":[{"embeddable":true,"href":"https:\/\/araps.com.br\/index.php\/wp-json\/wp\/v2\/comments?post=562"}],"version-history":[{"count":2,"href":"https:\/\/araps.com.br\/index.php\/wp-json\/wp\/v2\/pages\/562\/revisions"}],"predecessor-version":[{"id":714,"href":"https:\/\/araps.com.br\/index.php\/wp-json\/wp\/v2\/pages\/562\/revisions\/714"}],"wp:featuredmedia":[{"embeddable":true,"href":"https:\/\/araps.com.br\/index.php\/wp-json\/wp\/v2\/media\/563"}],"wp:attachment":[{"href":"https:\/\/araps.com.br\/index.php\/wp-json\/wp\/v2\/media?parent=562"}],"curies":[{"name":"wp","href":"https:\/\/api.w.org\/{rel}","templated":true}]}}

A história

<p>A ARAPS – Associação Regional dos Aposentados e Pensionistas pela Previdência Social, é uma entidade sem fins lucrativos, fundada em 1983 por um grupo de aposentados a finalidade de mover ação contra o INSS, visando a revisão das suas aposentadorias e pensões.</p>



<p>A Associação foi fundada em 1.983 pelo Sr. Antonio Inácio e sua esposa, que foram os sócios números 01 e 02, respectivamente, aos quais&nbsp; juntaram-se os rio-clarenses Sr. Domingos Banchi, sócio nº 03, recentemente falecido e Antonio Carlos Gomes da Silva – sócio nº 04, até hoje integrantes do quadro de sócios da ARAPS.</p>



<p>Em 1991 a Associação participou da mobilização nacional pelo pagamento do índice de 147%. Devido a pressão das Associações de Aposentados, o governo estendeu a sua concessão a todos os aposentados (não apenas àqueles que entraram na Justiça).</p>



<p>Em 2001 foi desenvolvido intenso trabalho para coletar assinaturas (conseguimos colher na cidade cerca de 2.500 assinaturas) para somar aos 1.100.000 assinaturas necessárias para dar entrada no Projeto de Lei de Iniciativa Popular, que recebeu o número 311/2002. Esse projeto deu inicio ao PL 4434/08.</p>



<p>A luta para a aprovação desse projeto é desenvolvida, conjuntamente com as demais associações de outras cidades, coordenadas pela FAPESP &#8211; Federação dos Aposentados de São Paulo.</p>



<p>Hoje, a ARAPS conta com 1424 sócios, com uma mensalidade de R$ 16,00.</p>



<p>Sentindo a necessidade de manter os aposentados e pensionistas reunidos para defender sempre os seus interesses, a ARAPS tem ampliado os serviços aos seus sócios, como segue abaixo:</p>



<p>A ARAPS funciona das 13:00 às 17:00 horas</p>

<p>A ARAPS – Associação Regional dos Aposentados e Pensionistas pela Previdência Social, é uma entidade sem fins lucrativos, fundada em 1983 por um grupo de aposentados a finalidade de mover ação contra o INSS, visando a revisão das suas aposentadorias e pensões.</p>
